, 19, 113, 379
List the prime factors of 4156315.
5, 491, 1693
List the prime factors of 373542.
2, 3, 13, 4789
List the prime factors of 12058453.
11, 229, 4787
What are the prime factors of 2215237?
2215237
List the prime factors of 1579770.
2, 3, 5, 5851
List the prime factors of 1792458.
2, 3, 99581
List the prime factors of 378252.
2, 3, 7, 19, 79
List the prime factors of 342073.
342073
List the prime factors of 70758.
2, 3, 3931
What are the prime factors of 1409739?
3, 23, 20431
What are the prime factors of 31624?
2, 59, 67
What are the prime factors of 10738?
2, 7, 13, 59
What are the prime factors of 251209?
7, 17, 2111
List the prime factors of 13365024.
2, 3, 23, 6053
List the prime factors of 86955.
3, 5, 11, 17, 31
What are the prime factors of 21134946?
2, 3, 7, 503213
List the prime factors of 279355.
5, 55871
List the prime factors of 4970376.
2, 3, 23011
What are the prime factors of 3056035?
5, 611207
What are the prime factors of 202020?
2, 3, 5, 7, 13, 37
What are the prime factors of 13348355?
5, 19, 71, 1979
List the prime factors of 316942.
2, 37, 4283
List the prime factors of 533468.
2, 13, 10259
List the prime factors of 4386340.
2, 5, 7, 17, 19, 97
List the prime factors of 2933612.
2, 11, 61, 1093
What are the prime factors of 368530?
2, 5, 137, 269
What are the prime factors of 27814?
2, 13907
What are the prime factors of 303689?
303689
List the prime factors of 10733380.
2, 5, 7, 76667
What are the prime factors of 1380074?
2, 690037
List the prime factors of 3618603.
3, 17, 67, 353
List the prime factors of 1440144.
2, 3, 73, 137
List the prime factors of 605243.
73, 8291
List the prime factors of 1422668.
2, 13, 109, 251
List the prime factors of 40729.
13, 241
List the prime factors of 70656.
2, 3, 23
What are the prime factors of 378675?
3, 5, 11, 17
List the prime factors of 296141.
43, 71, 97
What are the prime factors of 951935?
5, 190387
What are the prime factors of 158841?
3, 37, 53
List the prime factors of 1117166.
2, 558583
List the prime factors of 14872280.
2, 5, 17, 21871
What are the prime factors of 1470717?
3, 67, 271
List the prime factors of 852060.
2, 3, 5, 11, 1291
What are the prime factors of 19203940?
2, 5, 7, 229, 599
What are the prime factors of 9397272?
2, 3, 391553
List the prime factors of 22417171.
7, 3202453
What are the prime factors of 323807?
11, 29437
List the prime factors of 1984875.
3, 5, 67, 79
List the prime factors of 7666577.
2741, 2797
What are the prime factors of 4047354?
2, 3, 241, 311
List the prime factors of 21582269.
173, 124753
What are the prime factors of 6491953?
13, 563, 887
What are the prime factors of 677753?
31, 21863
List the prime factors of 2915970.
2, 3, 5, 37, 71
What are the prime factors of 2448846?
2, 3, 101, 449
List the prime factors of 87132.
2, 3, 53, 137
List the prime factors of 4553567.
331, 13757
List the prime factors of 177678.
2, 3, 9871
List the prime factors of 58453.
58453
What are the prime factors of 151621?
31, 67, 73
List the prime factors of 34144.
2, 11, 97
What are the prime factors of 110101?
23, 4787
List the prime factors of 1200682.
2, 7, 139, 617
List the prime factors of 208445.
5, 47, 887
What are the prime factors of 16075358?
2, 13, 89, 6947
List the prime factors of 216807.
3, 72269
List the prime factors of 4469096.
2, 17, 1933
What are the prime factors of 811096?
2, 11, 13, 709
List the prime factors of 2393191.
433, 5527
List the prime factors of 24484324.
2, 1543, 3967
List the prime factors of 1564887.
3, 89, 5861
List the prime factors of 35370.
2, 3, 5, 131
List the prime factors of 31346818.
2, 59, 421, 631
List the prime factors of 7741798.
2, 3870899
What are the prime factors of 1158879?
3, 47, 8219
List the prime factors of 19674768.
2, 3, 409891
List the prime factors of 1524692.
2, 13, 109, 269
List the prime factors of 2013093.
3, 29, 857
List the prime factors of 25437.
3, 61, 139
What are the prime factors of 151728?
2, 3, 29, 109
List the prime factors of 11871859.
967, 12277
What are the prime factors of 4416108?
2, 3, 379, 971
List the prime factors of 360702.
2, 3, 29, 691
List the prime factors of 175609.
7, 25087
What are the prime factors of 246221?
19, 12959
List the prime factors of 5766809.
563, 10243
List the prime factors of 857402.
2, 7, 13, 673
List the prime factors of 4009383.
3, 7, 23, 2767
List the prime factors of 1080469.
13, 17, 4889
What are the prime factors of 8621805?
3, 5, 17, 33811
What are the prime factors of 1559688?
2, 3, 13, 4999
List the prime factors of 185217.
3, 107, 577
What are the prime factors of 2409136?
2, 150571
What are the prime factors of 33375?
3, 5, 89
What are the prime factors of 1000918?
2, 500459
What are the prime factors of 489529?
489529
List the prime factors of 16098993.
3, 97, 683
List the prime factors of 626394.
2, 3, 104399
What are the prime factors of 445141?
445141
What are the prime factors of 9963576?
2, 3, 7, 53, 373
What are the prime factors of 1667657?
467, 3571
What are the prime factors of 1311?
3, 19, 23
List the prime factors of 376108.
2, 17, 5531
List the prime factors of 180588.
2, 3, 101, 149
List the prime factors of 262596.
2, 3, 79, 277
What are the prime factors of 24774480?
2, 3, 5, 19, 1811
List the prime factors of 3871374.
2, 3, 13, 49633
List the prime factors of 22452660.
2, 3, 5, 41579
What are the prime factors of 5519771?
37, 149183
List the prime factors of 501844.
2, 7, 17923
List the prime factors of 493861.
31, 89, 179
What are the prime factors of 677289?
3, 401, 563
List the prime factors of 8042007.
3, 349, 7681
List the prime factors of 11519459.
7, 235091
List the prime factors of 6793542.
2, 3, 7, 53917
What are the prime factors of 146543?
146543
List the prime factors of 724006.
2, 362003
List the prime factors of 4747943.
4747943
List the prime factors of 3278156.
2, 7, 47, 53
What are the prime factors of 367313?
367313
List the prime factors of 1818746.
2, 251, 3623
What are the prime factors of 100635?
3, 5, 6709
List the prime factors of 5505397.
5505397
List the prime factors of 49229.
19, 2591
What are the prime factors of 368902?
2, 67, 2753
List the prime factors of 222169.
29, 47, 163
List the prime factors of 41820487.
41820487
List the prime factors of 1197948.
2, 3, 99829
What are the prime factors of 488371?
13, 37567
List the prime factors of 82856.
2, 10357
What are the prime factors of 5316339?
3, 7, 253159
What are the prime factors of 1453123?
7, 207589
What are the prime factors of 2545358?
2, 1272679
List the prime factors of 1671672.
2, 3, 69653
What are the prime factors of 140336?
2, 7, 179
What are the prime factors of 877072?
2, 7, 41, 191
List the prime factors of 378740.
2, 5, 29, 653
What are the prime factors of 216759?
3, 72253
What are the prime factors of 8054860?
2, 5, 11, 19, 41, 47
List the prime factors of 864182.
2, 11, 3571
List the prime factors of 541597.
7, 1579
List the prime factors of 11140181.
13, 401, 2137
What are the prime factors of 25584706?
2, 7, 1827479
What are the prime factors of 224070?
2, 3, 5, 7, 11, 97
What are the prime factors of 709576?
2, 7, 12671
What are the prime factors of 6138997?
1231, 4987
What are the prime factors of 190622?
2, 95311
What are the prime factors of 270478?
2, 13, 101, 103
What are the prime factors of 5323191?
3, 313, 5669
What are the prime factors of 909564?
2, 3, 75797
List the prime factors of 463974.
2, 3, 7, 11047
What are the prime factors of 2283749?
13, 175673
List the prime factors of 10250206.
2, 191, 26833
List the prime factors of 340326.
2, 3, 7, 37, 73
List the prime factors of 18770275.
5, 149, 5039
What are the prime factors of 225812?
2, 56453
What are the prime factors of 944316?
2, 3, 17, 1543
What are the prime factors of 6443468?
2, 1610867
What are the prime factors of 1992584?
2, 11, 22643
What are the prime factors of 137924?
2, 29, 41
List the prime factors of 466432.
2, 911
List the prime factors of 668276.
2, 7, 29, 823
What are the prime factors of 281449?
7, 31, 1297
List the prime factors of 340239.
3, 23, 4931
What are the prime factors of 651713?
31, 21023
What are the prime factors of 2440731?
3, 813577
What are the prime factors of 813254?
2, 13, 31, 1009
List the pri